+ 186099 = 39*i. Does 32 divide i?
True
Let l(o) = 68*o**2 - 17*o + 50. Is 12 a factor of l(2)?
True
Let t(l) = -l**3 - 9*l**2 + 11*l + 19. Let v be t(-10). Let y(c) = -2*c**2 + 3*c + 5*c + v + c + 5*c - 2*c**3. Does 17 divide y(-6)?
False
Suppose -283*j + 5*g = -288*j + 29725, 11870 = 2*j - 2*g. Does 54 divide j?
True
Let v(j) = -1743*j + 762. Is 36 a factor of v(-2)?
True
Let l be ((-48)/32)/(1/(-6)). Let i = l + 10. Is i + -19 + (-3)/((-6)/56) a multiple of 6?
False
Let p = -472 - -461. Let r(l) = -135*l - 427. Does 46 divide r(p)?
True
Let r = 49 - 45. Suppose -5*b + r = -4*b. Let i(x) = 8*x**2 - 2*x + 6. Is 18 a factor of i(b)?
True
Is 1568/196 + (1 + 15916 - 0) a multiple of 31?
False
Let s = 25777 + -10703. Is 46 a factor of s?
False
Suppose 4*p + 2*m - 1838 = 0, -8*p + 4*m = -5*p - 1395. Is p a multiple of 64?
False
Let x(u) = 3*u**3 - 7*u**2 + 6*u - 3. Is 2 a factor of x(4)?
False
Suppose 0 = 37*l - 190*l + 136394 + 979894. Is l a multiple of 64?
True
Let b = -55289 - -81931. Is b a multiple of 18?
False
Let x = 679 + -113. Suppose x = -2*v + 1798. Does 14 divide v?
True
Let b(q) = -18*q**3 - 35*q**2 + 6*q + 9. Is b(-6) a multiple of 14?
False
Let u = 1505 - 503. Let s = u - 615. Does 43 divide s?
True
Let b(f) = -4*f**2 + 14*f - 6. Let a(k) = -5*k**2 + 14*k - 7. Let w(o) = -3*a(o) + 4*b(o). Let l be w(14). Is 2 a factor of (12/(-2))/(l/4)?
True
Let y(g) = 24*g**2 - 43*g. Let k be y(7). Suppose -52*w = -k - 945. Is w a multiple of 7?
True
Let a(r) = -22095*r**3 - 5*r**2 - 50*r - 45. Is a(-1) a multiple of 83?
False
Suppose -w + 5*x - 5 = -11, -3*w + x = -18. Suppose -89 = w*o - 341. Suppose b - 2 = 0, 5*u - b - 231 = o. Is 13 a factor of u?
False
Let i(p) = 4*p + 8. Let x be ((-23)/(-4) - 1) + 15/(-20). Let f be 46/x - 54/36. Does 16 divide i(f)?
True
Let a(x) = -8*x**2 + 199*x + 1. Let v = -154 + 174. Is a(v) a multiple of 13?
False
Suppose 0 = -6529*q + 6559*q - 79710. Is q a multiple of 36?
False
Suppose 2*v - 19 = 3*n, 5*v - 2*v + 4*n = 3. Suppose 0 = v*j + 220 - 40. Let z = j - -73. Is 8 a factor of z?
False
Let p = 253 - 233. Suppose 5*i = -p, h + 4*i = 34 + 118. Is h a multiple of 8?
True
Suppose 12*b + 582 = 6*b. Let o = b - -241. Does 24 divide o?
True
Suppose -118*l - 1648 = -122*l. Let i = 222 + l. Is 33 a factor of i?
False
Is 0 - (34264/10)/((-8)/160 + 0) a multiple of 13?
False
Let t = -123 + -64. Let n = t + 334. Let m = n + 6. Is m a multiple of 17?
True
Let f(o) = o**3 - 22*o**2 - 10*o + 76. Let m be f(-22). Is m/70*4/(-6) a multiple of 10?
True
Does 4 divide (142605/24 - 6/16)*20/15?
False
Suppose 3*z - 26 = -2. Suppose -z*x - 207 = x. Does 3 divide 4 - 2 - 1 - x?
True
Suppose -4*m - 17 = -12*k + 7*k, 0 = k - 5. Is m/(-5) - (-24494)/185 a multiple of 11?
True
Let u(r) be the first derivative of -r**2 - 25*r - 29. Let a be u(-15). Suppose -a*i = 24 - 124. Does 3 divide i?
False
Let y(t) = -t**3 + t**2 - t. Let o(r) = -14*r**3 + 2*r**2 + r - 4. Let m(i) = o(i) + y(i). Let l be m(-2). Let k = l + -24. Is k a multiple of 26?
True
Suppose 0 = -14*r - 19530 - 6272. Let f = -979 - r. Is 63 a factor of f?
False
Let u = 38633 - 18545. Is u a multiple of 62?
True
Let k(i) = -30*i**2 - 3*i - 26. Let v(f) = -14*f**2 - 2*f - 12. Let d(g) = 4*k(g) - 9*v(g). Is d(-16) a multiple of 80?
False
Let o = 219 - 222. Is (-1 - -235)/((-15)/6 - o) a multiple of 18?
True
Let t be 3/(-12) - (-3357)/(-12). Suppose 2*p - 24 = -4*j, 28*j - 30*j = -5*p + 84. Does 16 divide ((-32)/5)/(p/t)?
True
Let g(x) = 4*x**2 - 40*x + 228. Does 109 divide g(5)?
False
Let s(m) = -499*m**2 + 11551*m - 8. Is s(10) a multiple of 272?
False
Suppose -65*j = -29*j - 14976. Is j a multiple of 13?
True
Let w be 4 - (16/40)/(3/45). Let f(m) be the first derivative of 73*m**3/3 + m**2/2 - 5*m - 9. Does 17 divide f(w)?
False
Let d(z) = -z**2 + 22*z + 104. Let x = -34 - -58. Is d(x) a multiple of 8?
True
Let f(h) = h**3 - 7*h**2 + 14*h - 5. Let c be f(4). Suppose c*w - 91 = 191. Does 7 divide w?
False
Let k(t) = 2*t**3 - 117*t**2 + 89*t - 426. Does 12 divide k(58)?
False
Let t = -93 - -104. Suppose 1 = -5*v + t. Let c = 34 + v. Does 18 divide c?
True
Suppose 0 = c + 69*c - 170100. Is 9 a factor of c?
True
Let f(p) = 5*p**2 + 284*p + 335. Is 6 a factor of f(-56)?
False
Let k(v) = v**3 + v**2 - v + 8. Let a be k(0). Let n(i) = i**3 - 7*i**2 - 8*i + 71. Does 8 divide n(a)?
False
Suppose 2*q = -3*z - 3650 + 11500, 2*q + 10 = 0. Does 2 divide z?
True
Suppose 28*t - 24*t + 96 = 0. Let u be (-16)/t + (-46)/6. Let z = 115 + u. Is 12 a factor of z?
True
Let r be 580/3 + (-3)/9. Let o(s) = 27*s + 54. Let k be o(-3). Let x = k + r. Is x a multiple of 33?
False
Suppose 55*c = 56*c + t - 9637, 0 = -5*t + 20. Is 57 a factor of c?
True
Let q(f) be the first derivative of -9*f**4/2 - 2*f**3/3 + 3*f**2/2 - 5*f + 37. Is q(-3) a multiple of 16?
False
Let u(s) = 852*s - 1156. Is u(5) a multiple of 32?
True
Suppose 54 = -2*j + 16. Let n(a) = a**2 + 16*a + 20. Let o be n(j). Suppose -46 = -2*c + u - 5*u, o = 4*c + 5*u. Is c a multiple of 13?
True
Let b(r) = 347*r - 4544. Does 3 divide b(21)?
False
Let h = 12560 + -7647. Does 100 divide h?
False
Let k(g) = -3*g + 8. Let v(y) = y**3 - y**2 + 3*y - 2. Let n be v(1). Let s(i) = i - 1. Let x(m) = n*k(m) + 2*s(m). Is 12 a factor of x(-6)?
True
Suppose -29*o + 5*o + 38923 + 28157 = 0. Does 106 divide o?
False
Let f = 47 + -44. Suppose -f*l = -0*l - 15. Suppose -l*d + 0*d - 20 = 0, -3*d - 78 = -t. Does 22 divide t?
True
Suppose y + 3393 = 5*y + 3*d, 5*y = -4*d + 4241. Let r = 1596 - y. Is 12 a factor of r?
False
Let d(m) = 46*m**2 - 132*m + 4. Is d(12) a multiple of 158?
False
Let n = -129 - -52. Let r = -61 - n. Suppose -r*b + 19*b - 462 = 0. Does 9 divide b?
False
Suppose 36 = -n + 12. Let a be n/(-14) - -3*8/84. Suppose 0*h = 2*h - l - 24, -4*h - a*l = -48. Does 2 divide h?
True
Let p = -6943 + 9556. Let k = 1049 + -676. Suppose 10*c - p + k = 0. Is 16 a factor of c?
True
Let x = -712 + 3312. Suppose 10*j - 1360 = x. Is j a multiple of 12?
True
Suppose -4*q = -3*p - 20, 4*q + 2*p = q - 2. Let j = q + 0. Suppose -5*t - j*w = -96, -3*w = 2*w + 10. Is 10 a factor of t?
True
Let u be 120/(-16) + -7 + 2/(-4). Let x(v) = -2*v - 50. Let r be x(-6). Let s = u - r. Is s a multiple of 3?
False
Let r(z) = 8*z + 7. Let v be r(1). Let x = v - 6. Does 4 divide 10/15 + 390/x?
True
Suppose -2*t - 51 + 53 = 0, -5*y - 4*t + 28734 = 0. Is y a multiple of 48?
False
Let m = -69 + 71. Let k(h) = -h**m + 721 - 721 - 12*h - h. Is 36 a factor of k(-4)?
True
Let z = 174 - 151. Let w = z + 58. Does 27 divide w?
True
Suppose -v - 5*s = -2058, -8130 = -4*v + 38*s - 41*s. Is 26 a factor of v?
True
Let w = 21232 - 14742. Does 12 divide w?
False
Is 3 a factor of (5/(-6))/(4/(-6828*2))?
False
Does 18 divide 12*(-12)/48 + (649 - (-5 + 3))?
True
Suppose -h - 2 = 1, -4*z + 3202 = -2*h. Suppose 3*d + z - 2182 = -5*r, 2*d - 944 = 4*r. Is d a multiple of 22?
False
Suppose 63*d = -33*d - 21*d + 422955. Is d a multiple of 15?
True
Suppose 5*k = -2*k + 4025. Suppose -68 - k = -q. Suppose 5*n = 92 + q. Is 27 a factor of n?
False
Is 19 a factor of (-11 - (-23 - -9)) + 816?
False
Let h = 9583 - 6415. Does 48 divide h?
True
Let d(t) = -t + 1. Let i be d(9). Does 16 divide ((-2)/i*4)/((-8)/(-2680))?
False
Let n = 69 - 1. Let w be 6/33 - (-194)/22. Let l = w + n. Is l a multiple of 7?
True
Let i(w) = -10*w + 0*w**2 - 28 + w**2 - 2*w**2 + 22*w. Let s be i(8). Suppose -s*z = -79 - 49. Does 8 divide z?
True
Suppose 7*j - 259476 = j - 15*j. Is 17 a factor of j?
False
Let i = -47 + 52. Let f(z) = 3*z**2 - 8*z - 11. Let q be f(i). Is ((-42)/q)/((-1)/(-56))*-1 a multiple of 12?
False
Suppose 812708 = 246*s - 234022. Is 75 a factor of s?
False
Let h(f) = -3*f - 6*f - 10 + 7*f - 5*f. Let n be h(-2). Suppose -4*i + 716 = -2*w, 0*i = -n*i - w + 728. Does 20 divide i?
False
Suppose 0*z + o + 5 = z, 0 = -3*o + 3. Suppose z*x = -4*k - k + 2406, -k = 4*x - 484. Is k a multiple of 60?
True
Let g(j) = j**3 - j**2 + 12*j - 25. Let z = -369 + 374. Does 27 divide g(z)?
True
Let p = 15186 + -2544. Does 6 divide p?
True
Suppose 769 = 21*l + 5851. Let g = l + 446. Is g a multiple of 4?
True
Suppose 7111 = 5*j - 3*a, -30*a - 7107 = -5*j - 29*a. Is 4 a factor of j?
False
Let a = -84 - -191. Let k be 1/7 - ((-741)/(-